Give v(d).
4
Suppose 54*a + 146 + 214 = 9*a. Let w(o) = -7*o + 3*o + o - 21. Calculate w(a).
3
Let j(c) = -5*c**2 + c + 3. Let i(b) = b**2 - b - 2. Let s(y) = 3*i(y) + j(y). Calculate s(-3).
-15
Suppose 4*d + r - 11 = -4*r, -5*r = -d - 16. Let v(y) = -7*y**2 - 8*y + 4. Let p(m) = m**2 + 3*m. Let j(o) = d*v(o) - 6*p(o). Determine j(9).
-13
Let p(w) = -5*w + 38. Let l(r) = -r + 18. Let i(o) = 2. Let a(n) = -3*i(n) + l(n). Let x(q) = 7*a(q) - 2*p(q). Give x(-6).
-10
Let u(w) be the second derivative of w**5/20 + 5*w**4/12 - 2*w**3/3 + w**2/2 + 3301*w. Calculate u(-6).
-11
Let x(q) be the third derivative of q**7/840 - q**6/240 + q**5/40 + 19*q**4/24 - q**3/6 + 28*q**2 + 2. Let n(g) be the second derivative of x(g). Give n(2).
9
Let c(v) be the second derivative of -v**3/6 + v**2 - 35*v. Let b be 6 + -2 + 2 + -1. Suppose 0*n = b*n + 10. Calculate c(n).
4
Suppose -52*t = 723 - 1035. Let o(p) be the third derivative of 0*p + 1/30*p**5 + 1/6*p**3 + 1/120*p**t + 11*p**2 + 0 - 1/24*p**4. What is o(-2)?
3
Suppose -5*l + 6*l + 2*k = 12, 5*l - 125 = 3*k. Suppose -j + 7*z = 3*z + l, -2*z = 5*j + 22. Let n(a) = -a**2 - 3*a + 4. What is n(j)?
-14
Let u be 3 + -4 + -1 + 8. Let z(q) = -q**3 - q**2 + q - 1. Let f(n) = -2*n**3 - 8*n**2 - 3*n - 6. Let v(t) = f(t) - 3*z(t). What is v(u)?
-3
Let i(t) = -5*t**3. Let u(c) = -7*c**2 - 43*c - 187. Let r(f) = 3*f**2 + 21*f + 93. Let x(g) = 5*r(g) + 2*u(g). Let b be x(-9). What is i(b)?
-5
Let y(x) = -x**3 + 6*x**2 - 2*x + 12. Suppose -102 + 102 = 64*g + 3*g. Determine y(g).
12
Let c(a) = -a + 7. Let q be c(4). Suppose 0 = q*g - 9*g + 30. Let l(v) = -v**2 + 5*v + 6. Give l(g).
6
Let q(k) = 4*k**3 + 10*k**2 - 17*k + 36. Let n(l) = 5*l**3 + 10*l**2 - 18*l + 39. Let t(d) = 5*n(d) - 6*q(d). Calculate t(9).
6
Let w be (3 - (-4 + 7)) + 0/4. Suppose w = 5*b - 5*t, 6*b - 4*t - 35 = 9*b. Let m(c) = c + 3. Give m(b).
-2
Let l = 5928 + -5925. Let f(p) = p**3 - 5*p**2 + 5*p - 15. Determine f(l).
-18
Suppose -s - 5 = 5*z, 0*z = -2*z - 4*s - 2. Let y(w) be the third derivative of 11*w**6/120 - w**5/60 + w**3/6 - 786*w**2 - 1. What is y(z)?
-11
Let a(q) be the third derivative of -q**4/12 - 23*q**3/2 - q**2 + 3545*q. Give a(-19).
-31
Let s = 5 - 12. Let i(o) = -3*o - 19. Let u(c) = -65*c - 59. Let v(j) = 12*j + 12. Let d(y) = 2*u(y) + 11*v(y). Let p(q) = -4*d(q) - 3*i(q). Determine p(s).
-6
Let p(a) = -a**2 + 5*a - 24. Suppose 7*k - g = 53, -484*g + 27 = k - 489*g. Determine p(k).
-38
Let x(s) be the second derivative of -7/6*s**3 + 2 + 25*s + s**2. Determine x(2).
-12
Suppose 2*i = -0*i + 8. Suppose 2*g = g - i. Let z(h) be the third derivative of h**6/120 + h**5/12 + h**4/12 - 5*h**3/6 + 1950*h**2. Calculate z(g).
3
Let b(t) be the third derivative of t**4/2 + 31*t**3/6 - 35*t**2 + 18*t - 1. Give b(-3).
-5
Let j(n) be the third derivative of 0 + 1/60*n**5 + 0*n - 3/2*n**3 + 0*n**4 - 3*n**2. Let r = 4089 - 4089. Calculate j(r).
-9
Let q(d) = -2*d - 71256 + 71223 + 3*d. What is q(11)?
-22
Let a(t) = -2*t**3 + 2*t**2 - t. Let q be a(2). Let z = 8 + q. Let v(g) = g + 1. Let c(b) = 1. Let l(r) = -2*c(r) + 2*v(r). What is l(z)?
-4
Suppose 5*n + 24 = 2*w - 5*w, 4*n - 5*w = 3. Let o(z) be the second derivative of 1/6*z**3 + z**2 + 0 - 5*z. What is o(n)?
-1
Let b(v) = -4 - 3*v + 2*v + 0*v. Let w be (-745)/(-1043) + 4092/14. Suppose 265 = 7*q + w. Give b(q).
0
Suppose 0 = -2*d + l + 9, -10 = -3*l + 5*l. Let p(g) = -6 - 2 + 7 - d*g + 3*g. Determine p(5).
4
Let u(o) be the third derivative of o**6/120 - o**5/6 + o**4/3 - 3*o**3/2 + 115*o**2. Let a = 86 + -77. Determine u(a).
-18
Let b(j) = -2*j - 46. Suppose -2*c - v - 20 = 0, -3*c + 2*v + 96 = 105. Give b(c).
-32
Let h(i) = -7*i**2 + 42*i + 1. Let q(x) = -x**3 + 97*x**2 - 281*x - 88. Let t be q(94). Give h(t).
1
Let g(j) be the second derivative of 7 - 1/6*j**3 + 7/2*j**2 - 9*j. Give g(-7).
14
Suppose -47*v + 300 = 18. Let u(p) be the second derivative of p**3/6 - 3*p. Let c(a) = a**2 - 10*a - 3. Let m(q) = -c(q) - 3*u(q). What is m(v)?
9
Let j(s) be the second derivative of -7*s**3/6 + s**2/2 + s - 5. Let k be j(0). Let x(n) = 9*n**2 - n. Give x(k).
8
Let m be (-138)/(-42) + (-1)/((-14)/(-4)). Suppose m*l + i = -11, -5*i + 5 = 5*l + 20. Let u(x) = -x - 8. Give u(l).
-4
Let j be -3*7*(-3680)/6440. Let g(k) = k**2 - 13*k + 45. Determine g(j).
33
Let z(n) = 4*n**2 - 25*n + 14. Let c = 125 - 119. Let d be z(c). Let a(v) = 3*v - 19. Determine a(d).
5
Let a be (6 + (-74)/10)*-5. Let y(n) = 4*n**3 + 5*n**2 - n**3 - 9*n**3 + a*n**3 + 5 + 2*n + 2*n. Suppose -12 = 5*h + 8. Give y(h).
5
Let t(z) = -4*z - 1. Let k(a) = 18*a + 2. Let y(m) = 3*m - 1. Let v(x) = k(x) - 3*y(x). Let u(f) = 2*t(f) + v(f). Determine u(-5).
-2
Let c be -1 - (4/8)/((-1)/6). Let f(k) = 12*k + 9*k + 9*k - k**3 + 3*k**c - 28*k + 4. Calculate f(4).
-4
Suppose 4 = 2*r - r. Suppose -r*d - 10 = h, -h - 6 = h + d. Let j be -4*(-2 + (-3)/h). Let o(a) = 8*a - 2. Determine o(j).
14
Let f = 13 - 16. Let n(k) = -k**2 - 4 - 2*k - 2*k**2 + 3 + 8 + k**2. Determine n(f).
-5
Let u(m) = 8 - m - m - 4. Let x(h) = 5*h + 5. Let v(k) = 6*k + 8. Let w(l) = 3*v(l) - 4*x(l). Let z(c) = 2*u(c) - 3*w(c). Give z(9).
14
Let w(g) be the second derivative of -7*g**4/12 - 2*g**3/3 + 5*g**2/2 + 1190*g + 3. Calculate w(4).
-123
Let j(i) = 66*i**3 - 18*i**2 - 133*i - 14. Let a(y) = 22*y**3 - 7*y**2 - 50*y - 5. Let n(r) = 8*a(r) - 3*j(r). Suppose -5*q - 2*q + 7 = 0. Calculate n(q).
-23
Let w(n) = n**3 - n**2 - 2*n. Let m be w(2). Let r(s) = -4*s + 23. Let k be r(5). Let x(c) = -c**2 - 1 + k - 26*c**3 + 25*c**3. Give x(m).
2
Let a be (-21)/((-1764)/24) + (-38)/(-14). Let g(x) = -x**3 + x**2 + 3*x + 3. Calculate g(a).
-6
Let k(a) = 7*a - 16. Let t = 2447 - 2444. Calculate k(t).
5
Let r(w) = -6*w**3 + 3*w**2 + 5*w + 3. Let h = 19322 - 19323. Calculate r(h).
7
Let m(f) = -f. Let v(i) = -i**2 - 18*i - 33. Let y be v(-16). Let w(d) = 4. Let z(j) = y*w(j) - 3*m(j). Calculate z(3).
5
Let b(f) = -8*f**3 + 84*f**2 - 8*f**3 + 1 + 12*f**3 - 2*f - 83*f**2. Suppose c - 10 = -3*a, 6*c - a = 3*c + 10. Suppose -c*m + 2 = -2*m. What is b(m)?
-4
Let j(x) = 13*x**2 - 247*x + 284. Let o(q) = q**2 - 19*q + 22. Let g(h) = -2*j(h) + 27*o(h). Give g(13).
-52
Let f = 1640 - 1629. Let c(l) = -5*l**2 + 55*l + 3. Give c(f).
3
Let i = 8516 - 8514. Let k(c) = -24*c**2 - 3*c + 1. Determine k(i).
-101
Let k(b) = 4*b**3 - 5*b + 0*b - 3*b**2 - 2 - 5*b**3. Let x be (-450)/20 + 1/(-2). Let j(u) = -u**2 - 23*u - 3. Let s be j(x). What is k(s)?
13
Let z(j) = 4*j - 48. Let u be (-160)/(-48)*-15*(-12)/50. Determine z(u).
0
Let u(v) = 12*v - 182. Let g(d) = -21*d + 320. Let n(t) = -9*g(t) - 16*u(t). Determine n(3).
23
Suppose 7*w - 30 = 5. Suppose -3*j + p + w = 22, 0 = 5*p + 5. Let i(v) be the third derivative of v**4/12 + v**3/2 - 19*v**2. Give i(j).
-9
Let g(l) = -222*l**2 + 9*l + 50. Let b(a) = 121*a**2 - 5*a - 27. Let x(m) = 11*b(m) + 6*g(m). Calculate x(-8).
-53
Let m(t) = -244 + 733 - 271 + t - 243. What is m(-6)?
-31
Let d(r) = 156*r - 45*r - 55*r - 39*r - 40*r - 31. What is d(-5)?
84
Let v(i) = -i**2 + 4*i + 2. Let b(a) = 7*a**2 - 52*a + 97. Let x(f) = b(f) + 6*v(f). Determine x(5).
-6
Let h(u) be the third derivative of 5/6*u**3 - 8*u**2 + 0*u - 5/24*u**4 + 1/60*u**5 + 0. Let t be ((-6)/5)/(30/(-100)). What is h(t)?
1
Let h = -1355 + 1346. Let i(q) = -3. Let w(u) = -u + 11. Let m(t) = 5*i(t) + w(t). Give m(h).
5
Let f(u) = -4*u - 32. Let x(t) = -2*t - 20. Let a(g) = 2*f(g) - 3*x(g). Determine a(-3).
2
Suppose -4*d = -5 - 3. Suppose d*c = 3*c + 4, 2*x + 6 = -c. Let z(i) = 2*i + 4. Let l be z(x). Let g(q) = q**3 - 2*q**2 + 2*q + 2. Calculate g(l).
6
Let d(s) = 249*s - 801*s + 276*s + 258*s. Determine d(1).
-18
Suppose 5*z + 29 = 179. Let n be ((80/6)/(-4))/((-4)/z). Let p = n + -19. Let u(v) = -2*v + 5. Determine u(p).
-7
Let i = 412 + -391. Let a(w) = -9*w + 195. Calculate a(i).
6
Suppose 3*m - 2*v = 23, v = 2*m - 26 + 12. Let o(q) = q**2 - 17*q + 51. What is o(m)?
-9
Let u(m) = m - 35. Let a be 41 + -26 + 9 + 30/(-5). What is u(a)?
-17
Let t(f) = -f**2 - 51*f + 283. Let d be t(5). Let k(r) be the first derivative of -r**3 + d*r + 1/4*r**4 - 7 + 0*r**2. Calculate k(3).
3
Let k(u) = -6247*u + 3128*u + 28 + 3109*u. Give k(5).
-22
Let c = -8 + 11. Let o(d) = -4*d**2 - 3*d + 12. Let t(n) = -3*n**2 